and 35.
5
Let r = 882 - 876. Let i be 2/6 + (-17)/(-3). Calculate the highest common divisor of r and i.
6
Suppose -24 = -4*o + 196. Suppose 0 = -5*d + 20 + 5. Calculate the highest common divisor of o and d.
5
Let l(q) = 3*q**2 + q. Let d be l(-2). Calculate the greatest common divisor of d and 10.
10
Suppose -16 = -2*m - 0. Calculate the highest common factor of 16 and m.
8
Suppose -5*f = 5*b - 115, -4*f + 5*b - 59 = -7*f. What is the highest common divisor of 14 and f?
14
Suppose -6*s + 77 = s. Calculate the greatest common factor of s and 88.
11
Let a be (7 - 7/(-35))*(-10)/(-4). Calculate the greatest common divisor of a and 162.
18
Suppose -3*k + 48 = 2*m, -2*k = m - 19 - 6. Let i be 232/3 - 7/m. Calculate the greatest common divisor of i and 7.
7
Suppose -4*u = -4*j - 52, -u - 4*j + 23 = -15. Let t be (11 + 2 - 0) + -1. Let b = u - t. What is the greatest common factor of 4 and b?
2
Suppose 23 = -3*k + h, -2*k - 4*h - h + 13 = 0. Let n(p) = 2*p**2 + 4*p - 6. Let s be n(k). Let o = -16 - -44. Calculate the greatest common factor of s and o.
14
Let u(r) = -11*r - 6. Let g be u(-6). Suppose 3*d - 5*y = -119 + 569, y = 0. What is the greatest common factor of d and g?
30
Let i = -6 - -12. Suppose 9*l = i*l + 6. Calculate the highest common factor of l and 10.
2
Suppose 0 = -18*i + 16*i + 132. Suppose -4*p = -2*t - 2*p + i, 0 = t + 4*p - 48. Calculate the greatest common factor of t and 90.
18
Let j be (-4)/(-8) + 66/4. Calculate the highest common divisor of 51 and j.
17
Let y = 1 - -2. Suppose y*q - 8 = -a - 3*a, -2 = 5*q - a. Suppose -4*i + 0 + 4 = q. What is the greatest common divisor of i and 8?
1
Let q(j) = -2*j**3 + j**2 - 4*j - 3 + 7 + 6*j. Let n be q(-3). Suppose -4*x + o = -n, -x - o + 4 + 5 = 0. Calculate the greatest common factor of x and 70.
14
Let p(s) = 89*s**2 + s. Let z be p(-1). Calculate the highest common factor of z and 8.
8
Let r be (1/2)/((-7)/(-70)). Suppose -32 + 2 = -r*w. Calculate the highest common factor of w and 2.
2
Suppose -13 + 78 = b. Calculate the highest common divisor of 26 and b.
13
Let p(t) = -t**3 + t**2 + 12*t + 4. Let z be p(4). What is the greatest common factor of 32 and z?
4
Let b = -134 - -302. Calculate the highest common divisor of 21 and b.
21
Let m = 6 - 4. Suppose -4*o + 280 = -m*o. What is the highest common divisor of 56 and o?
28
Let v be 1 - 4 - 0 - -3. Let z be (v + (-1)/(-2))*0. Suppose z = -2*b - 0*b + 24. Calculate the greatest common factor of 6 and b.
6
Let u(g) = -20*g + 8. Let q be u(-4). What is the highest common factor of q and 11?
11
Let v(p) = 183*p - 17. Let k be v(7). Suppose 4*g - t + 125 = k, -4*t = 4*g - 1164. Calculate the highest common factor of 26 and g.
26
Let t be (18/(-4))/(3/(-4)). Calculate the highest common divisor of t and 8.
2
Let c be -3 - 3*-2 - 6. Let j be (-256)/(-12) + 1/c. Let d = 119 - 77. What is the highest common factor of d and j?
21
Let j be (24/28 + 0)*7. Let s = -2 + j. Suppose 39 = 4*k - 3*h - 85, 4*k = 5*h + 132. What is the highest common factor of s and k?
4
Suppose -100 = -8*i + 3*i. What is the highest common divisor of 10 and i?
10
Let s(u) = u - 3. Let y be s(4). Let w(z) = z**2 - 7*z + 1. Let d be w(8). Let l = y + d. Calculate the highest common divisor of l and 70.
10
Suppose -h = i - 1, -h + 0 = 3*i - 13. What is the highest common factor of 42 and i?
6
Let r = -70 - -125. What is the highest common factor of 5 and r?
5
Suppose -5*l + 118 = -2*o, 26 = 3*l - o - 44. Calculate the highest common factor of 242 and l.
22
Suppose 0 = 3*p - 7*p - 4. Let h be p + 1 + 0 + 14. Calculate the highest common divisor of h and 14.
14
Let m = 15 + -4. Suppose -3*x + 44 = -2*x. Calculate the highest common divisor of m and x.
11
Suppose 3*m - 9 = -3. Suppose -t - r - 1 + 5 = 0, m*t = 3*r + 8. Let x be 33/(t/(120/9)). Calculate the highest common factor of x and 10.
10
Suppose 3*h - 240 = -9*x + 8*x, 0 = -5*x + 3*h + 1164. Calculate the greatest common divisor of 26 and x.
26
Let y be (276/27 + (-8)/36)*1. What is the highest common factor of 60 and y?
10
Let h = -14 - -27. Calculate the greatest common divisor of h and 52.
13
Let p(a) = -a**2 + 6*a + 1. Let l be p(5). Let x(m) = 2*m + 22. Let q be x(-8). What is the greatest common divisor of l and q?
6
Suppose -43 - 77 = -5*q. Calculate the greatest common factor of q and 8.
8
Suppose -1 - 47 = -4*f. Let i(x) = -2*x**3 - 2*x**2 - x - 3. Let s be i(-3). What is the greatest common factor of s and f?
12
Let q = -33 - -46. Let z = -155 + 84. Let p = 162 + z. Calculate the greatest common factor of p and q.
13
Let m(s) = -s + 21. Let f be m(-5). Calculate the greatest common factor of 78 and f.
26
Let s(a) = -a**3 + a + 36. Let x be s(0). Calculate the greatest common factor of x and 12.
12
Suppose 4*g = 12 - 4. Let a be (g*1)/(2/7). What is the highest common factor of a and 14?
7
Let z be 7/(-14) - 29/(-2). Let b = 5 + -2. Suppose -2 + 44 = b*m. Calculate the highest common divisor of z and m.
14
Let s = 20 - 16. Calculate the greatest common factor of 10 and s.
2
Suppose 3*m = m - 16. Let r = m + 14. What is the greatest common factor of r and 15?
3
Let d(u) = -u**3 - 6*u**2 - u + 4. Let k be d(-6). Let l(j) = -j**3 + 11*j**2 - 8*j - 2. Let p be l(k). What is the highest common divisor of 18 and p?
18
Suppose 175*r - 182*r = -616. Calculate the greatest common divisor of 11 and r.
11
Let z(t) = -51*t**3 - 1. Let f be z(-1). Suppose -248*p = -259*p + 220. Calculate the greatest common factor of p and f.
10
Let o be (-117)/(-9) - (0 + 2). Let w be (-16)/(-10)*(o + -1). Let q = -33 + 49. What is the highest common divisor of w and q?
16
Let r(l) = 34*l + 2. Let j be r(7). Calculate the greatest common factor of j and 30.
30
Suppose -4*t = f + 359, -5*t = -2*f + 6*f + 457. Let k = t - -155. Calculate the greatest common divisor of 6 and k.
6
Let v(o) = -5*o - 1. Let j be v(-3). Let x = -5 + j. Let s = x + -1. What is the greatest common divisor of s and 2?
2
Let k(p) = -p + 14. Let a be k(-6). Calculate the greatest common factor of a and 100.
20
Suppose -2*m + 7 = -11. Let t(o) = 2*o**2 - o + 3. Let h be t(-3). Suppose 4*c = v + h, -c - 4*v - 12 = -3*c. Calculate the greatest common divisor of m and c.
3
Let s = -260 - -436. Calculate the greatest common factor of 16 and s.
16
Let b(y) = y**2 + y. Let n be b(-3). Let d be 1264/18 + n/(-27). Calculate the highest common divisor of d and 14.
14
Let v be ((-8)/(-3))/(2/3). Let t be (138/12)/(2/v). Calculate the highest common divisor of 161 and t.
23
Suppose 3*r + 12 = k, -r = -2*r. Let q(i) = -5*i - 1. Let o be q(-2). Suppose 3*t = -0 + o. What is the greatest common divisor of k and t?
3
Let i be (35 - (-2 + 6)) + -1. What is the highest common divisor of i and 15?
15
Suppose 0 = 11*d - 275 - 1507. What is the highest common factor of 18 and d?
18
Suppose 23 - 2 = 3*d. Let v(b) = b**2 + 7*b - 1. Suppose a + 6 = 2*a. Let j be v(a). What is the highest common factor of d and j?
7
Let o(c) = c**2 + c - 3. Let i be o(-3). What is the highest common factor of i and 2?
1
Suppose 1976 = 5*i + 8*i. Let c be 3/(-2 - -1)*1. Let m = c + 22. What is the highest common factor of i and m?
19
Suppose -2*t + 46 = -2*n - 0*n, t = 4*n + 14. Calculate the greatest common factor of t and 117.
13
Let d = 6 - 5. Let h be ((-6)/8)/(d/(-8)). Suppose -l = -3*k, 5*k - 26 = -h. Calculate the greatest common divisor of 8 and l.
4
Let r = -21 - -98. Let d = -41 + r. Suppose -5*t = 3*m - 12, t - 4*t - 4 = -m. What is the greatest common factor of m and d?
4
Let g(r) = r**2 + 8*r - 16. Let s be g(-11). Suppose -42 = -z - s. What is the highest common divisor of 10 and z?
5
Let j be -2 + 0/5 - 2*-121. What is the greatest common factor of 30 and j?
30
Let y(p) = p**2 + 4*p + 7. Let t be y(-8). Let x = t + -26. Suppose -2*b + 93 - x = 0. What is the highest common divisor of 10 and b?
10
Let o(i) = -i**2 - 7*i + 6. Let z be o(-6). Let c be z/10*(3 + 2). What is the greatest common factor of c and 3?
3
Let q(v) = -v**2 + 9*v + 1. Let d be q(4). What is the highest common factor of d and 63?
21
Let d be -13 + 4 - (-4)/(-2). Let v = d + 31. Calculate the highest common factor of 30 and v.
10
Suppose 12*w - 165 = 7*w. Calculate the highest common factor of w and 11.
11
Let v = 256